) in base 2?
1000100111010110
What is -1111000111001010 (base 2) in base 6?
-1154322
-120313 (base 4) to base 6
-11211
53321 (base 6) to base 10
7249
-1535 (base 9) to base 8
-2216
Convert -824 (base 9) to base 14.
-35c
Convert 3ab (base 16) to base 8.
1653
Convert -920 (base 14) to base 7.
-5140
-103 (base 12) to base 2
-10010011
-14447 (base 9) to base 15
-2db4
Convert -1132 (base 5) to base 4.
-2213
Convert -b65 (base 13) to base 8.
-3626
Convert -244203 (base 7) to base 2.
-1010111010010011
-248 (base 9) to base 11
-178
What is -22021 (base 3) in base 5?
-1343
44224 (base 5) to base 3
11012111
Convert 9838 (base 14) to base 5.
1320224
Convert -3032 (base 4) to base 5.
-1311
-212322 (base 5) to base 8
-16054
Convert -10300 (base 7) to base 2.
-100111110100
What is -6ed (base 15) in base 7?
-4405
Convert 130013 (base 4) to base 9.
2418
1141000 (base 5) to base 3
1002022200
Convert 477 (base 16) to base 3.
1120100
Convert 400a (base 11) to base 5.
132314
What is 5477 (base 15) in base 13?
81ac
Convert -22100 (base 3) to base 12.
-169
23c (base 14) to base 11
376
What is 705 (base 11) in base 16?
354
Convert 25025 (base 6) to base 4.
321221
Convert -1021202 (base 3) to base 8.
-1652
What is 8a4 (base 12) in base 16?
4fc
-12201 (base 10) to base 4
-2332221
What is d8c (base 16) in base 13?
176a
What is -1011222201 (base 3) in base 10?
-23320
What is 3ddd (base 14) in base 3?
120001111
Convert -12252 (base 7) to base 3.
-11102100
What is -1450 (base 9) in base 6?
-5030
Convert -20a (base 14) to base 13.
-24c
What is -a04 (base 14) in base 15?
-8ae
What is -11254 (base 8) in base 11?
-3656
Convert 1240024 (base 5) to base 10.
24389
Convert 52245 (base 7) to base 15.
3bec
What is -ea70 (base 16) in base 9?
-101284
What is -6410 (base 13) in base 14?
-50ab
-35dc (base 14) to base 6
-111314
What is -34552 (base 6) in base 12?
-2a58
3257 (base 15) to base 10
10657
What is -16373 (base 10) in base 11?
-11335
14a2 (base 14) to base 9
5027
46680 (base 9) to base 15
9386
What is -4342 (base 13) in base 16?
-2485
-124 (base 11) to base 6
-403
Convert 10000011 (base 2) to base 12.
ab
1000010100001110 (base 2) to base 16
850e
What is 300164 (base 7) in base 3?
2120021222
Convert -445 (base 7) to base 12.
-171
Convert -215 (base 6) to base 2.
-1010011
Convert -42653 (base 8) to base 7.
-102666
Convert 42024 (base 6) to base 13.
2743
Convert 632 (base 11) to base 4.
23321
321001 (base 5) to base 10
10751
Convert -120001 (base 3) to base 14.
-210
What is 1461 (base 7) in base 8?
1106
842 (base 12) to base 13
716
What is -110023 (base 4) in base 14?
-683
What is 4740 (base 12) in base 8?
17440
Convert 44202 (base 5) to base 9.
4161
Convert 371 (base 11) to base 4.
12321
What is -1123442 (base 5) in base 2?
-101000000010001
What is 2221103 (base 4) in base 5?
321320
Convert -51331 (base 8) to base 10.
-21209
Convert 233 (base 9) to base 15.
cc
What is -4087 (base 14) in base 5?
-323340
What is a854 (base 15) in base 8?
105455
Convert 32002 (base 4) to base 5.
12043
What is -45b (base 13) in base 8?
-1360
37704 (base 10) to base 3
1220201110
-3836 (base 10) to base 2
-111011111100
Convert 110 (base 6) to base 10.
42
-100101010011101 (base 2) to base 15
-59d6
-405 (base 6) to base 16
-95
What is -21120011 (base 3) in base 7?
-22033
What is -b9a3 (base 12) in base 3?
-1001000120
What is -4410 (base 5) in base 4?
-21131
Convert -5e4 (base 15) to base 16.
-53b
What is -5253 (base 6) in base 5?
-14220
4a (base 13) to base 16
3e
What is -7540 (base 8) in base 13?
-1a3a
What is 122111010 (base 3) in base 7?
52110
-1631 (base 7) to base 8
-1223
Convert 143061 (base 8) to base 11.
35135
What is 100010201 (base 3) in base 16?
1a05
232 (base 4) to base 13
37
What is -12213 (base 4) in base 9?
-520
-712b (base 12) to base 9
-17748
122314 (base 6) to base 3
112222101
What is -676 (base 10) in base 7?
-1654
What is -25250 (base 7) in base 11?
-4aa6
What is 862 (base 15) in base 11?
1470
What is -32ea (base 16) in base 3?
-122212202
74505 (base 8) to base 7
156340
Convert -21110122 (base 3) to base 4.
-1111010
55122 (base 9) to base 6
441115
What is -712 (base 9) in base 6?
-2402
What is -5d97 (base 14) in base 9?
-24443
-1352 (base 6) to base 9
-435
4022 (base 9) to base 4
231320
What is -100000111100110 (base 2) in base 13?
-78a9
What is 1101100111 (base 2) in base 15?
3d1
11211111 (base 4) to base 2
101100101010101
What is 10010001001 (base 2) in base 13?
6b4
Convert -1001 (base 8) to base 3.
-201000
-1134 (base 12) to base 3
-2121211
What is 15821 (base 14) in base 10?
53733
What is -110010001 (base 2) in base 6?
-1505
Convert 1796 (base 12) to base 2.
101100100010
211502 (base 6) to base 15
519b
What is 32a7 (base 11) in base 7?
15455
-3642 (base 7) to base 6
-10133
-35345 (base 8) to base 5
-440302
-289 (base 13) to base 15
-201
What is 10101001011001 (base 2) in base 6?
122105
What is -3400103 (base 5) in base 6?
-1135003
-519 (base 15) to base 2
-10001111101
3015 (base 6) to base 4
22103
Convert -bb9 (base 14) to base 12.
-1413
Convert 63 (base 16) to base 9.
120
-3422 (base 5) to base 12
-347
1b6 (base 16) to base 12
306
Convert -162 (base 12) to base 8.
-332
Convert -21020012 (base 3) to base 5.
-132040
What is -677 (base 15) in base 16?
-5b6
Convert -45b (base 16) to base 4.
-101123
Convert 12322 (base 4) to base 9.
541
-101000110110 (base 2) to base 5
-40424
2621 (base 16) to base 3
111101112
Convert 2091 (base 12) to base 14.
1429
7a97 (base 11) to base 13
4abc
Convert -a171 (base 11) to base 6.
-142313
-24573 (base 8) to base 13
-4aab
-7a (base 14) to base 13
-84
What is -7022 (base 10) in base 8?
-15556
Convert 330114 (base 5) to base 8.
26024
-2200 (base 5) to base 14
-176
What is -1724 (base 8) in base 7?
-2600
-5c14 (base 15) to base 2
-100110010001010
What is 51aa (base 12) in base 4?
2023102
-5540 (base 8) to base 7
-11330
What is 31404 (base 6) in base 11?
3216
-2726 (base 16) to base 4
-2130212
142420 (base 5) to base 12
3569
10031 (base 4) to base 10
269
What is -332 (base 13) in base 6?
-2312
What is -30243 (base 5) in base 6?
-13004
Convert -167 (base 15) to base 12.
-22a
42811 (base 9) to base 11
1a342
41665 (base 8) to base 2
100001110110101
-76862 (base 9) to base 5
-3113010
What is 5ed (base 15) in base 2?
10101000100
477 (base 13) to base 9
1050
3a93 (base 15) to base 2
11000011100001
Convert 1161 (base 7) to base 10.
435
What is -12411 (base 5) in base 8?
-1725
Convert 2a21a (base 11) to base 3.
2011210020
Convert -40606 (base 7) to base 5.
-304104
What is 176 (base 10) in base 2?
10110000
What is 221111011 (base 3) in base 14?
6ab2
16c (base 13) to base 4
10003
What is 4122 (base 7) in base 6?
10353
What is -100011100101 (base 2) in base 7?
-6432
330002 (base 4) to base 6
25442
What is -16d (base 15) in base 12?
-234
112111000 (base 3) to base 11
7a28
What is -1641 (base 7) in base 4?
-22122
Convert -11102 (base 6) to base 5.
-22200
What is -182 (base 14) in base 8?
-466
What is -1a839 (base 11) in base 9?
-43648
Convert a5 (base 11) to base 13.
8b
Convert 21100 (base 7) to base 5.
131234
Convert b841 (base 12) to base 9.
30644
What is -1ca (base 13) in base 2?
-101001111
What is -133 (base 6) in base 14?
-41
8892 (base 11) to base 10
11717
Convert -10110001 (base 2) to base 7.
-342
-100001 (base 3) to base 10
-244
What is -417 (base 9) in base 3?
-110121
Convert 71a (base 11) to base 9.
1164
11801 (base 13) to base 4
13311233
-20020 (base 4) to base 9
-637
-23230 (base 4) to base 14
-3b6
What is 10a79 (base 13) in base 8?
73217
Convert 20133 (base 4) to base 6.
2303
What is 8a5 (base 13) in base 2?
10111001111
613 (base 9) to base 10
498
Convert 140323 (base 5) to base 8.
13121
What is 4303214 (base 5) in base 4?
101221311
Convert -200031 (base 5) to base 4.
-1201322
Convert 2341 (base 7) to base 10.
862
-5167 (base 8) to base 11
-2016
Convert -11011001 (base 2) to base 8.
-331
-14134 (base 6) to base 4
-202222
239 (base 14) to base 12
30b
-5331 (base 12) to base 2
-10001110010101
110000101 (base 2) to base 11
324
What is 630 (base 16) in base 2?
11000110000
-1751 (base 8) to base 12
-6b5
17453 (base 8) to base 4
1330223
14321 (base 11) to base 15
606b
-313 (base 5) to base 14
-5d
Convert -227e (base 15) to base 11.
-5554
Convert -3b2 (base